 Let w(l) = -18*s(l) + 4*u(l). Let r be w(-9). Calculate the greatest common divisor of 105 and r.
21
Let g be ((-57)/6)/((-7)/14). Calculate the highest common factor of 209 and g.
19
Suppose 0*i - 3*i - 12 = -3*p, 4*i + 12 = 2*p. Suppose p*g = -1 - 7. Let h be ((-2)/g)/((-3)/(-60)). Calculate the highest common divisor of h and 90.
10
Let r be 3/(-4) - 525/(-60). Calculate the highest common factor of r and 56.
8
Suppose -h = 3*t - 8, 2*t - 2 - 8 = -3*h. Let w be -2 - (-3 + 2/(-2)). What is the greatest common divisor of w and t?
2
Let c be (-2)/(3/(1863/(-6))). Let x = -13 - -36. Calculate the highest common divisor of x and c.
23
Let z = 4 - -3. Let h(g) be the third derivative of 3*g**4/8 + 3*g**3/2 - g**2. Let f be h(z). What is the highest common divisor of f and 8?
8
Let x be 12*(-4)/((-36)/21). Suppose -s = 4*o - 33, s = -o - 2*o + x. What is the highest common divisor of 52 and s?
13
Let r = -51 - -85. Let a = 17 - 12. Suppose a*t = 2*t + 51. Calculate the highest common divisor of t and r.
17
Suppose 7*i + 37 = 8*i. Let s = -19 + i. What is the highest common divisor of 2 and s?
2
Suppose 0 = -3*h + 3 + 3, -108 = -5*r - 4*h. Calculate the highest common divisor of r and 140.
20
Let o be 3*65/30*2. Calculate the greatest common factor of o and 39.
13
Suppose -2*q = -69 + 29. Calculate the highest common divisor of 50 and q.
10
Suppose -479 = -3*n - 23. Suppose -440 = -4*t - n. Calculate the highest common factor of t and 24.
24
Let q be (-3)/5 - (-286)/10. Let p be (5/2)/((-1)/(-28)). Calculate the highest common factor of q and p.
14
Let b be (-2)/(-7) - 868/(-49). Calculate the highest common divisor of b and 36.
18
Let f be (15/(-6))/((-15)/36). Calculate the highest common divisor of f and 8.
2
Suppose -d = -4 - 1. Let q(l) = 3*l + 2. Let h be q(d). What is the highest common divisor of 187 and h?
17
Let n be (0 - -2) + -2 - -1. What is the greatest common factor of n and 4?
1
Suppose -4*o + 56 + 8 = 0. Calculate the highest common factor of o and 128.
16
Let w(l) = -l**3 + 9*l**2 + 10. Let u be w(9). Suppose 0*j + u = 2*j. Calculate the highest common factor of j and 15.
5
Let s = 65 + -27. Suppose -4*t = -3*g - 36, 9*t - 2*g - s = 4*t. Suppose -3*y + 26 = t*q - q, -5*q = -3*y + 46. Calculate the highest common factor of y and 12.
12
Let i = 107 + -87. Calculate the greatest common factor of 4 and i.
4
Suppose -2*v - 3 = -5*v. Calculate the highest common factor of v and 8.
1
Let l(g) = -3*g - 16. Let f be l(-6). What is the highest common factor of 10 and f?
2
Let m = -18 + 52. What is the highest common factor of m and 51?
17
Let x be 7/21 - (-4)/(-3). Let l(v) = -3*v. Let a be l(x). Calculate the highest common divisor of a and 3.
3
Suppose 0 = 5*i + s + s - 31, -4*i + 4*s + 36 = 0. Let n = -23 + 79. What is the greatest common factor of i and n?
7
Let w = -6 + 7. Let v be (6 + w)/((-2)/(-4)). What is the highest common divisor of v and 35?
7
Let a be 80/(16/(-4))*-1. Calculate the greatest common divisor of 80 and a.
20
Let g = 11 + -6. Suppose 2 = s - g. Let v(y) = 57*y - 1. Let j be v(1). What is the highest common divisor of j and s?
7
Let j(s) = -3*s + 70. Let u be j(0). What is the highest common divisor of 28 and u?
14
Let z(d) = d**3 + 8*d**2 + 7*d + 14. Let i be z(-7). What is the highest common divisor of i and 154?
14
Let o = 1 + 2. Suppose 3*g = -2*x + 34, 2*g + 23 = 3*g + o*x. Calculate the greatest common factor of g and 2.
2
Let v be -5*(3 + (2 - 7)). Let m = v + -6. Suppose 74 - m = 2*l. Calculate the highest common divisor of 14 and l.
7
Suppose 0 = 4*n - 2*n - 280. Calculate the greatest common divisor of n and 28.
28
Let k(d) = -d + 1. Let b be k(5). Let q be (-110)/15*6/b. What is the greatest common divisor of q and 22?
11
Let g be 184/(-18) - (-4)/18. Let b be (8/5)/((-2)/g). What is the highest common divisor of b and 72?
8
Let t = 98 + -68. Suppose -t = -5*l + 15. What is the highest common divisor of 27 and l?
9
Suppose -5*z = -z. Let a be z/(3 - 0) + 8. Calculate the highest common factor of 72 and a.
8
Suppose 86 = 2*o + o - 5*d, 5*d - 103 = -4*o. Let k(b) = 2*b**2 + 4*b + 3. Let v be k(-2). What is the greatest common divisor of v and o?
3
Suppose 0 = 2*p + 2*m - 40, p + 3*m - 21 = 7. What is the greatest common divisor of p and 8?
8
Let y be (-6240)/(-36) - (-4)/6. Calculate the greatest common divisor of y and 116.
58
Let s = -5 - -9. Let y = s - 2. Suppose 3*r = y*t + 42, 0*r + 3*r = -t + 51. What is the highest common factor of r and 64?
16
Let x(m) = -3*m**3 - 2*m**2 + 4*m. Let l be x(-4). What is the greatest common divisor of l and 16?
16
Suppose 5*x - 4 + 46 = 4*f, x - 4*f = -2. Let r = x + 14. Calculate the highest common factor of r and 10.
2
Let t(f) = f**2 + f. Let r be t(0). Suppose g + r*g = 0. Suppose -2*d - l + 24 = g, 2*d = -d - 2*l + 35. What is the greatest common factor of d and 65?
13
Let b(q) = 1 + 12*q + 3*q + 4 + 12*q. Let v be -1*5*(-2 - -1). Let z be b(v). Calculate the highest common divisor of z and 14.
14
Suppose 0 = -6*z + 49 - 1. What is the greatest common divisor of z and 96?
8
Let b = -276 - -465. Let m(o) = o - 24. Let p be m(51). What is the greatest common factor of p and b?
27
Let u(q) = 3*q**2 + 2*q**2 + 6*q**2 + 6*q + 0 + 7. Let r be u(5). Suppose -5*s + s - r = -4*v, 5*s - 303 = -4*v. What is the greatest common factor of 7 and v?
7
Suppose -4*j + 4 + 12 = 0. Let m(g) = 2*g**2 - 5*g + 6. Let k be m(j). What is the highest common divisor of 6 and k?
6
Suppose 2*v - 6 = 5*v. Let q be (v - 1/1)*-13. Let a be 2/1*q/2. What is the greatest common divisor of a and 13?
13
Let t(w) be the second derivative of -w**5/20 + w**4/4 - w**3 + 5*w**2/2 - 3*w. Let u be t(4). Let p = -13 - u. What is the greatest common divisor of 33 and p?
11
Let r be 1116/14 - 2/(-7). What is the highest common divisor of r and 16?
16
Let v(c) = c**3 + 8*c**2 + 5*c + 4. Let z be v(-3). Let i = 111 - 60. Calculate the greatest common divisor of i and z.
17
Let g(l) = -l**3 - 2*l**2 + 3*l + 4. Let o be g(-3). Let v be 285/20 - 1/o. Let d(h) = -h + 9. Let z be d(7). What is the greatest common factor of v and z?
2
Let p = -3 - -6. Let j be -2*(-12)/p - -1. Suppose 0 = -3*s + 2*s + 36. What is the greatest common divisor of j and s?
9
Let s be -1 + 19 + -4 + 2. What is the greatest common divisor of 144 and s?
16
Let k be (1/(-2))/(9/1332). Let s = -53 - k. Calculate the greatest common divisor of s and 168.
21
Let b be 7/35 - 1/5. Suppose -g + 37 = 3*k - b*k, 2*k - 2*g = 22. Calculate the highest common factor of k and 30.
6
Let k(p) = -4*p. Let x(u) = -3*u - 1. Let m(g) = -2*k(g) + 3*x(g). Let i be m(-5). Let b be -2 + 6 + 0 + i. What is the greatest common factor of b and 6?
6
Suppose 1 + 11 = h. Suppose -10 = -4*m - 2. Suppose 2*b = b + m*c + 108, -b + 108 = -5*c. Calculate the greatest common divisor of h and b.
12
Let x(y) = y + 1. Let n be x(-4). Let h be 914/6 + (-2)/n. Let c = 63 + -46. Calculate the highest common divisor of c and h.
17
Let i(j) = -3*j + 24. Let g be i(-8). What is the greatest common divisor of g and 288?
48
Let l = 5 + 0. Suppose 5*w = -l*t + 2*w - 6, 0 = -4*t + 4*w + 8. Suppose t = h + h - 24. What is the highest common factor of 84 and h?
12
Let v = -1 - -2. Suppose -5*l + 34 = 4*y, -8*y + 3*y = -l + v. What is the greatest common divisor of l and 6?
6
Let k = 17 - 11. Suppose 2*g - 36 = -k. Suppose -p = -4*p + g. What is the highest common divisor of p and 5?
5
Suppose 0 = -y + 4*i + 15, 18 = y - 3*i + 7. Let w be y*(2 + -3)*1. What is the greatest common factor of 2 and w?
1
Suppose 21 + 15 = -t. Let v be (7/(-3) - -1)*t. Let j be -2 + 1 - -1 - -32. Calculate the highest common factor of j and v.
16
Let t be 1/((-3)/(6 + 0)). Let x be (9/t)/((-1)/(-84)). Let r = 546 + x. What is the greatest common factor of 21 and r?
21
Let x = -1 + 1. Suppose x = -4*j + 61 + 19. Suppose l + 33 = z, -z - 2*l + 8 = -16. What is the highest common factor of z and j?
10
Let v = 405 + -261. What is the greatest common factor of 18 and v?
18
Let n be (4/(-10))/(2/(-170)). Let q(j) = -9*j - 1. Let i be q(-2). Calculate the greatest common factor of i and n.
17
Suppose -3*j + 3*k = -j - 35, -5*k - 25 = 0. Calculate the highest common factor of 50 and j.
10
Let t(h) be the third d